179. What is the units digit of n?
2
Let i(d) = 640*d - 11. Let v(l) = 641*l - 11. Let n(p) = -7*i(p) + 6*v(p). What is the units digit of n(-1)?
5
Suppose 0 = -5*v + g + 48556, 8*g = 10*v + 10*g - 97128. What is the thousands digit of v?
9
Suppose 0 = 2*l + 2*l - 6*y + y - 33656, 0 = -3*y. What is the tens digit of l?
1
Let p(a) = 89*a + 1447. What is the thousands digit of p(25)?
3
Let b(p) = 249*p**2 - 15*p + 20. Let y be (-45)/(-10)*(-8)/12 - -5. What is the hundreds digit of b(y)?
9
Suppose 4*o - 860 = 5*f - 13748, 4*f - 4*o - 10312 = 0. Suppose n = 8*n - f. Suppose 5*r - n = -73. What is the units digit of r?
9
Let f be (0 + (-12)/9)/((-5)/15). Suppose 0 = -5*z + 25, 3*y = 2*y - 2*z + 256. Suppose 2*u - 487 = -2*u + 3*h, -y = -2*u + f*h. What is the units digit of u?
1
Let i(k) = k**3 + 13*k**2 + 44*k - 7. Let z be i(-5). What is the hundreds digit of (-6)/27 + (-16098)/z?
5
Let g(h) = 13 + 8*h - 3*h**3 + 6*h**2 - 5*h**2 - 7*h**3 - 2*h**2. Suppose 5*o + 4 = -3*z, -z - o + 10 = -4*z. What is the hundreds digit of g(z)?
2
Let b(w) = 67*w**2 + 87*w + 80. What is the hundreds digit of b(-12)?
6
Let q = 16 - 22. What is the units digit of 2 + q + (199 - (3 - 6))?
8
Let k = 2300 + 12713. What is the tens digit of k?
1
Let t(j) = -15*j + 39. Let g be t(2). Suppose 8*m = 4*m - 4*m. Suppose m = -g*z + 4*z + 1055. What is the units digit of z?
1
Let j(h) = -5 - h - 4 - 68*h**2 + 3 + 72*h**2. Let y be j(5). Let i = y + -47. What is the units digit of i?
2
Suppose 0*p + 49*p + 106*p = 2343600. What is the tens digit of p?
2
Suppose -216553 - 20651 = -11*c. Suppose 32*l - c - 6948 = 0. What is the hundreds digit of l?
8
Let m be ((-7)/(-2))/(19/38). Suppose 4*k - 347 = -m. Suppose 5*s - 10*s + k = 0. What is the tens digit of s?
1
Suppose -61*a - 38*a + 82*a = -96679. What is the units digit of a?
7
Let j = -75 + 269. Let b = 755 - j. What is the hundreds digit of b?
5
Let z be (33/22)/(3/3482). Suppose -12*y + 7057 - z = 0. What is the units digit of y?
3
Suppose -28*i + 474036 = -419563 + 14315. What is the tens digit of i?
0
Let t = 26980 + -14686. What is the hundreds digit of t?
2
Let l = 98537 - 66097. What is the hundreds digit of l?
4
Let w(c) = 3*c**2 - 19*c - 21. Let p be w(9). Let r(t) = 11 - 2*t**3 + 49*t**2 - p*t**2 - 7*t + t**3. What is the units digit of r(-6)?
7
Let l be 3 + 1 + (-80)/2. Let y be ((-534)/(-12))/((-2)/(-4)). Let t = l + y. What is the tens digit of t?
5
Let b = 681 - 647. Let w(k) = k + 279. What is the tens digit of w(b)?
1
Let m be 3808/(-192) - 1/6. Let v be m/(-16) + 5/(-20). What is the tens digit of ((-24)/60)/(v/(-140))?
5
Suppose 7*z - 11*z = -12. Let d be ((-60)/8)/z*-2. Suppose x = 4*x + 2*n - 229, -d*x = 5*n - 390. What is the tens digit of x?
7
Suppose -11*t = 7*t - 54. Suppose -g + 551 = -4*h, -t*g + 4*h - 717 = -2370. What is the tens digit of g?
5
Let o be 47931/6 - (-5)/10. Suppose -12*c + 9531 + o = 0. Suppose -3*i + 2*i = -4*j - 292, -5*i + j = -c. What is the hundreds digit of i?
2
Let z(i) = -i + 17. Let l be z(13). Suppose -o - 243 = -l*o. Suppose 0*f = w - 2*f - o, -4*w + 4*f + 344 = 0. What is the units digit of w?
1
What is the ten thousands digit of 20584452/1260 + ((-13)/15 - -1)?
1
What is the units digit of (3924/(-54))/(-2 + -1750*(-5)/4380)?
8
Suppose 48*z - 43*z - 5*p = 20800, -12452 = -3*z - 4*p. What is the tens digit of z?
5
Suppose -20 = -15*x + 19*x, -4*p = x - 5863. What is the units digit of p?
7
Let s(l) = 112*l + 14. Let b be s(4). Suppose 2*k + 4*u + 0*u = -b, 4*k + 899 = -3*u. Let x = 319 + k. What is the units digit of x?
8
Suppose 643 = 2*l - 791. Let o = l - 483. Suppose -108 - o = -3*m. What is the tens digit of m?
1
Let x(b) be the third derivative of -b**6/360 + 91*b**4/24 - 3*b**3 - 5*b**2. Let z(o) be the first derivative of x(o). What is the tens digit of z(0)?
9
Let b(i) = 205*i - 143. Let d be b(8). Let l = -530 + d. What is the tens digit of l?
6
Suppose -510796 = -35*y - 59*y. What is the tens digit of y?
3
Let c(j) = 4*j**2 + 16*j + 67. Let t be c(-5). Let d = t - -65. What is the units digit of d?
2
What is the thousands digit of (-4)/(-16)*18782 + (-2)/4?
4
Suppose 3*j + 29*h - 30*h - 21253 = 0, 8*j - 56644 = -5*h. What is the units digit of j?
3
Let v = 4496 + 8713. What is the thousands digit of v?
3
Let x be (296/(-10))/(2/(-5)). Let o be (-1 + -2 + 3)/((-3)/(-3)). Suppose o = -2*d + x. What is the tens digit of d?
3
Suppose 10*s = 2*t + 8*s - 36992, -3*s + 92464 = 5*t. What is the tens digit of t?
9
Suppose 5*p - q = 460, -2*p - 4*q + 6*q = -192. Suppose 0 = 3*d - 377 - p. What is the hundreds digit of d?
1
Let w = 30 + -34. What is the hundreds digit of (-73404)/(-270) - w/30?
2
Let x = -21463 + 34176. What is the units digit of x?
3
Suppose -8*o - 8933 = -5*y - 6*o, -5*o = -3*y + 5356. What is the tens digit of y?
8
Let l be 1 + 6 + -6 + 2. Let d(m) = l*m**2 - 8*m - 5*m - 1 - 4. What is the tens digit of d(-5)?
3
Let w(k) = k**3 + 11*k**2 + 5*k - 6. Let r be (-1533)/28 + (-3)/(-4). Let c = r + 45. What is the tens digit of w(c)?
1
Suppose -q + z + 3*z + 1146 = 0, 0 = 3*z - 15. Suppose 4*w = y - q, 3*y - 3558 = 2*w - 5*w. What is the units digit of y?
2
Suppose -3 = -2*d - 3*g, -25*g = 3*d - 22*g - 3. Suppose 0*s - 6*s + 2118 = d. What is the tens digit of s?
5
Let f(y) = -3*y**3 - 46*y**2 + 23*y - 22. What is the hundreds digit of f(-22)?
1
Let w be ((-20)/(-5) - -1342)/((-2)/(-10)). What is the tens digit of (w/(-3))/5*(-6)/4?
7
Suppose 2*f = -84*f + 33110. What is the hundreds digit of f?
3
Let g(p) = -634*p - 300. What is the units digit of g(-3)?
2
Suppose 5*w - 15 = -4*q, q - 2*w = 7 - 0. Suppose 0 = -q*k + 82 - 22. What is the units digit of (7 - k)*2*-1?
0
Let c(m) = -6295*m + 7453. What is the thousands digit of c(-7)?
1
Suppose 2*q - 12*v + 4 = -15*v, 3*q = 3*v + 24. What is the units digit of (-1)/3*(-1025 - q)?
3
Let r be 7 + (-1264)/24*-9. Let x = r + -124. What is the units digit of x?
7
Let d be (5 - 115/5)*(-129)/6. Let p be ((1 + 14)/(-5))/(-1). Suppose d = p*m - 237. What is the hundreds digit of m?
2
What is the ten thousands digit of ((-1058)/(-8 - -8 - (-2)/37))/(-1)?
1
Let d(a) = 1955*a - 2722. What is the units digit of d(12)?
8
Let f be (-35)/(-10) + -2 - 14/(-4). Suppose 0 = -0*q + f*q - 5, -2*a + 3*q + 9 = 0. Suppose -3*x + 927 = a*x. What is the tens digit of x?
0
Suppose -20*z = 55 - 495. What is the units digit of z/(-33) + (-389)/(-3) - 4?
5
Suppose -5*y - 464 = -104. What is the units digit of (-2610)/y - (-2)/(-8)?
6
Let l be -4 + 3 - -91 - 2. Suppose 2*h - 4*h = -l. What is the hundreds digit of (-4 + 3)*h*-5?
2
Let v be (-1 - (-4)/2)/(-1 - -2). What is the units digit of (770/11)/(v + 0)?
0
Suppose -x - 3*w = -6*x + 70142, 0 = 4*w - 24. What is the hundreds digit of x?
0
Suppose 1545 = 3*v - 786. Let j = v - 185. What is the hundreds digit of j?
5
Suppose j + 5*z = 8403, 22*j - 24*j + 16901 = -9*z. What is the tens digit of j?
2
Let c(v) = -427*v**2 - 8*v + 6. Let x be c(1). What is the tens digit of (-3 - (-15)/9)*x/22?
2
Let u be (26/(-13))/(1*2/244). Let w = u - -586. What is the tens digit of w?
4
What is the hundreds digit of ((-839150)/(-1625))/(-1*(-1 - (-6)/10))?
2
Suppose 5*j = -26*k + 24*k + 66721, j - 3*k = 13351. What is the tens digit of j?
4
Suppose -a + 6 = 4. Suppose -a*t = -5*t + 750. Suppose b - p = 2*p + 109, -2*b = 2*p - t. What is the units digit of b?
1
What is the units digit of (43 - 47) + (-1 - -3304) + -2?
7
Let g(m) = 209*m + 287. Let y(d) = -140*d - 191. Let k(x) = 5*g(x) + 8*y(x). What is the tens digit of k(-11)?
3
Let a(q) = -22*q - 3. Let r be a(4). Suppose -318 = 2*d - 5*h, 3*d = h - 364 - 113. Let z = r - d. What is the tens digit of z?
6
Let k be (102/12)/((-1)/(-2)). Suppose -267 = -2*w + 4*o + k, o = -4*w + 604. What is the hundreds digit of w?
1
Suppose -y + 267 = -4*y - d, 2*d + 446 = -5*y. What is the tens digit of (y - -2)/1*11/(-22)?
4
Suppose -125611 = -2*m + 44*w - 49*w, -5*m = -2*w - 314158. What is the units digit of m?
8
What is the hundreds digit of 45 + -54 + (-2 + -15)*-680?
5
Let l be 3/24 - (4155/8)/3. What is the hundreds digit of (40 - l) + 3*1?
2
Let h = 6700 - -7404. What is the thousands digit of h?
4
Suppose -169*w = -166*w - 96. Let r(z) = 4*z - 18. What is the